{"id":1518,"date":"2016-02-12T08:13:06","date_gmt":"2016-02-12T08:13:06","guid":{"rendered":"http:\/\/demos.famethemes.com\/onepress-plus\/?page_id=24"},"modified":"2020-02-05T14:52:12","modified_gmt":"2020-02-05T14:52:12","slug":"service-title-2-2","status":"publish","type":"page","link":"https:\/\/asoteknopark.com.tr\/?page_id=1518","title":{"rendered":"\u00dcN\u0130VERS\u0130TE &#8211; SANAY\u0130 \u0130\u015e B\u0130RL\u0130\u011e\u0130"},"content":{"rendered":"\n<p>ASO TEKNOPARK, i\u015f birli\u011fi i\u00e7inde oldu\u011fu Orta Do\u011fu Teknik \u00dcniversitesi ile Teknopark firmalar\u0131n\u0131n birlikte Ar-Ge faaliyetlerinde bulunmas\u0131, \u00fcniversitede g\u00f6revli akademisyenlerin projelerde ara\u015ft\u0131rmac\u0131 olarak yer almas\u0131, \u00fcniversite laboratuvar ve di\u011fer ara\u015ft\u0131rma alt yap\u0131s\u0131ndan firmalar\u0131n yararland\u0131r\u0131lmas\u0131 konusunda geni\u015f imkanlar sa\u011flamaktad\u0131r.<\/p>\n","protected":false},"excerpt":{"rendered":"<p>ASO TEKNOPARK, i\u015f birli\u011fi i\u00e7inde oldu\u011fu Orta Do\u011fu Teknik \u00dcniversitesi ile Teknopark firmalar\u0131n\u0131n birlikte&#8230;<\/p>\n","protected":false},"author":1,"featured_media":1915,"parent":0,"menu_order":0,"comment_status":"closed","ping_status":"closed","template":"","meta":{"footnotes":""},"_links":{"self":[{"href":"https:\/\/asoteknopark.com.tr\/index.php?rest_route=\/wp\/v2\/pages\/1518"}],"collection":[{"href":"https:\/\/asoteknopark.com.tr\/index.php?rest_route=\/wp\/v2\/pages"}],"about":[{"href":"https:\/\/asoteknopark.com.tr\/index.php?rest_route=\/wp\/v2\/types\/page"}],"author":[{"embeddable":true,"href":"https:\/\/asoteknopark.com.tr\/index.php?rest_route=\/wp\/v2\/users\/1"}],"replies":[{"embeddable":true,"href":"https:\/\/asoteknopark.com.tr\/index.php?rest_route=%2Fwp%2Fv2%2Fcomments&post=1518"}],"version-history":[{"count":1,"href":"https:\/\/asoteknopark.com.tr\/index.php?rest_route=\/wp\/v2\/pages\/1518\/revisions"}],"predecessor-version":[{"id":1836,"href":"https:\/\/asoteknopark.com.tr\/index.php?rest_route=\/wp\/v2\/pages\/1518\/revisions\/1836"}],"wp:featuredmedia":[{"embeddable":true,"href":"https:\/\/asoteknopark.com.tr\/index.php?rest_route=\/wp\/v2\/media\/1915"}],"wp:attachment":[{"href":"https:\/\/asoteknopark.com.tr\/index.php?rest_route=%2Fwp%2Fv2%2Fmedia&parent=1518"}],"curies":[{"name":"wp","href":"https:\/\/api.w.org\/{rel}","templated":true}]}}