{"id":1522,"date":"2016-02-12T12:42:52","date_gmt":"2016-02-12T12:42:52","guid":{"rendered":"http:\/\/demos.famethemes.com\/onepress-plus\/?page_id=1206"},"modified":"2025-09-16T10:43:31","modified_gmt":"2025-09-16T10:43:31","slug":"service-title-5","status":"publish","type":"page","link":"https:\/\/asoteknopark.com.tr\/?page_id=1522","title":{"rendered":"ULUSLARASILA\u015eTIRMA VE T\u0130CAR\u0130LE\u015eME"},"content":{"rendered":"<p>ODT\u00dc TTO i\u015fbirli\u011fi ile ASO TEKNOKENT firmalar\u0131 iki y\u00fcz\u00fcn \u00fczerinde patent al\u0131nmas\u0131na destek olmu\u015f ODT\u00dc TTO\u2019nun g\u00fcc\u00fcn\u00fc ve birikimini kullanabilmektedirler. Ar-Ge \u00e7al\u0131\u015fmalar\u0131 sonucunda \u00fcretilen bilginin ticari de\u011fere d\u00f6n\u00fc\u015fmesi i\u00e7in patent al\u0131nmas\u0131ndan, \u015firket kurulmas\u0131na kadar hem finansal olarak hem de y\u00f6netsel olarak t\u00fcm s\u00fcrecin y\u00fcr\u00fct\u00fclmesine Teknopark yard\u0131mc\u0131 olmaktad\u0131r. ASO TEKNOPARK, firmalar\u0131n\u0131n uluslararas\u0131 ba\u015far\u0131 kazanmas\u0131na, i\u015f birlikleri geli\u015ftirmesine ve yurtd\u0131\u015f\u0131na a\u00e7\u0131lmas\u0131na destek olmak amac\u0131yla programlar geli\u015ftirilmesi; k\u00fcmelenme \u00e7al\u0131\u015fmalar\u0131 i\u00e7in altyap\u0131 haz\u0131rlanmas\u0131; k\u00fcmelenmelerin faaliyetlerinin koordine edilmesi desteklerini sa\u011flamaktad\u0131r.<\/p>\n","protected":false},"excerpt":{"rendered":"<p>ODT\u00dc TTO i\u015fbirli\u011fi ile ASO TEKNOKENT firmalar\u0131 iki y\u00fcz\u00fcn \u00fczerinde patent al\u0131nmas\u0131na destek olmu\u015f&#8230;<\/p>\n","protected":false},"author":1,"featured_media":2499,"parent":0,"menu_order":0,"comment_status":"closed","ping_status":"closed","template":"","meta":{"footnotes":""},"_links":{"self":[{"href":"https:\/\/asoteknopark.com.tr\/index.php?rest_route=\/wp\/v2\/pages\/1522"}],"collection":[{"href":"https:\/\/asoteknopark.com.tr\/index.php?rest_route=\/wp\/v2\/pages"}],"about":[{"href":"https:\/\/asoteknopark.com.tr\/index.php?rest_route=\/wp\/v2\/types\/page"}],"author":[{"embeddable":true,"href":"https:\/\/asoteknopark.com.tr\/index.php?rest_route=\/wp\/v2\/users\/1"}],"replies":[{"embeddable":true,"href":"https:\/\/asoteknopark.com.tr\/index.php?rest_route=%2Fwp%2Fv2%2Fcomments&post=1522"}],"version-history":[{"count":1,"href":"https:\/\/asoteknopark.com.tr\/index.php?rest_route=\/wp\/v2\/pages\/1522\/revisions"}],"predecessor-version":[{"id":1839,"href":"https:\/\/asoteknopark.com.tr\/index.php?rest_route=\/wp\/v2\/pages\/1522\/revisions\/1839"}],"wp:featuredmedia":[{"embeddable":true,"href":"https:\/\/asoteknopark.com.tr\/index.php?rest_route=\/wp\/v2\/media\/2499"}],"wp:attachment":[{"href":"https:\/\/asoteknopark.com.tr\/index.php?rest_route=%2Fwp%2Fv2%2Fmedia&parent=1522"}],"curies":[{"name":"wp","href":"https:\/\/api.w.org\/{rel}","templated":true}]}}