{"id":1706,"date":"2019-12-17T13:27:24","date_gmt":"2019-12-17T13:27:24","guid":{"rendered":"http:\/\/www.asoteknopark.com.tr\/?page_id=1706"},"modified":"2024-07-25T14:02:07","modified_gmt":"2024-07-25T14:02:07","slug":"neden-aso-teknopark","status":"publish","type":"page","link":"https:\/\/asoteknopark.com.tr\/?page_id=1706","title":{"rendered":"NEDEN ASO TEKNOPARK"},"content":{"rendered":"\r\n<p>Teknolojik geli\u015fmelere paralel olarak yeni fikir ve \u00fcr\u00fcnlerin ye\u015fermesi i\u00e7in gerekli bilimsel ve end\u00fcstriyel ortam\u0131 birlikte sa\u011flamay\u0131 hedefleyen teknoparklar t\u00fcm d\u00fcnyada oldu\u011fu gibi \u00fclkemizde de ekonomiye \u00f6nemli katk\u0131 ve katma de\u011fer sa\u011flamaktad\u0131r.<\/p>\r\n\r\n\r\n\r\n<div class=\"wp-block-image\">\r\n<figure class=\"aligncenter size-full\"><img decoding=\"async\" class=\"wp-image-1888\" src=\"https:\/\/asoteknopark.com.tr\/wp-content\/uploads\/2024\/07\/neden11.png\" alt=\"\" \/><\/figure>\r\n<\/div>\r\n\r\n\r\n\r\n<p>Ara\u015ft\u0131rma ve Geli\u015ftirme faaliyetlerinin ba\u015far\u0131yla s\u00fcrd\u00fcr\u00fclmesi i\u00e7in gereken temel unsur ekonomik ve finansal destektir. S\u00f6z konusu destek, vergi indirim ve muafiyetleri ile muhtelif devlet destek ve hibeleri ile sa\u011flanmaktad\u0131r. \u0130kinci temel unsur ise bilimsel d\u00fc\u015f\u00fcnce ve y\u00f6ntemlerin Ar-Ge faaliyetlerine dahil edilmesi, Teknoparklar\u0131n \u00fcniversiteler ile yak\u0131n i\u015fbirli\u011fi i\u00e7inde \u00e7al\u0131\u015fmas\u0131 ve akademik personelin Ar-Ge projelerinde istihdam\u0131na y\u00f6nelik te\u015fvikler sa\u011flanmas\u0131d\u0131r.<\/p>\r\n\r\n\r\n\r\n<p>Ba\u015far\u0131 i\u00e7in gereken \u00fc\u00e7\u00fcnc\u00fc temel unsur ise teknoparklarda yarat\u0131lan teknolojik katma de\u011fer ve bilgi birikiminin sanayi i\u015fletmelerimizin operasyonlar\u0131nda kullan\u0131lmas\u0131 ve rekabet\u00e7iliklerinin art\u0131\u015f\u0131na katk\u0131 sa\u011flanmas\u0131d\u0131r. <\/p>\r\n\r\n\r\n\r\n<p>G\u00fcn\u00fcm\u00fczde h\u0131zla artan k\u00fcresel rekabet, ya\u015fanan ikiz d\u00f6n\u00fc\u015f\u00fcm(ye\u015fil d\u00f6n\u00fc\u015f\u00fcm ve dijital d\u00f6n\u00fc\u015f\u00fcm) sanayi firmalar\u0131m\u0131z\u0131n mevcut konjonkt\u00fcre etkin bir \u015fekilde adapte olmas\u0131n\u0131 ve f\u0131rsatlar\u0131 de\u011ferlendirmesini gerekli k\u0131lmaktad\u0131r. Bu ba\u011flamda yeni fikir, y\u00f6ntem ve \u00fcr\u00fcnlerin geli\u015ftirilmesi s\u00fcrecinde teknopark olu\u015fumlar\u0131 kayda de\u011fer bir i\u015flev g\u00f6rmektedir.<\/p>\r\n\r\n\r\n\r\n<p>Yerel bir akt\u00f6r olarak Ankara Sanayi Odas\u0131\u2019 n\u0131n kurmu\u015f oldu\u011fu ASO Teknopark Ankara sanayi i\u015fletmelerinin ve teknoloji firmalar\u0131n\u0131n etkile\u015fimli bir \u015fekilde \u00e7al\u0131\u015fmas\u0131 yeni Ar-Ge projeleri yoluyla \u00fcr\u00fcn geli\u015ftirme s\u00fcre\u00e7lerinin h\u0131zland\u0131r\u0131lmas\u0131 ve b\u00f6ylelikle uluslararas\u0131 piyasalarda rekabet\u00e7ili\u011fin art\u0131r\u0131lmas\u0131 amac\u0131na hizmet etmektedir.<\/p>\r\n\r\n\r\n\r\n<div class=\"wp-block-image\">\r\n<figure class=\"aligncenter size-large\"><img decoding=\"async\" class=\"wp-image-1890\" src=\"https:\/\/asoteknopark.com.tr\/wp-content\/uploads\/2024\/07\/neden22.png\" alt=\"\" \/><\/figure>\r\n<\/div>\r\n\r\n\r\n\r\n<p>Ankara\u2019da Sincan Organize Sanayi B\u00f6lgesi i\u00e7inde kurulan ASO TEKNOPARK, bir yandan T\u00fcrkiye\u2019nin en sayg\u0131n \u00fcniversitelerinden bilimsel ve teknik destek al\u0131rken \u00f6te yandan Ankara\u2019n\u0131n en b\u00fcy\u00fck sanayi b\u00f6lgesi olan ASO 1. Organize Sanayi B\u00f6lgesi i\u00e7inde, end\u00fcstrinin kalbinde yer almaktad\u0131r.<\/p>\r\n\r\n\r\n\r\n<div class=\"wp-block-image\">\r\n<figure class=\"aligncenter size-large\"><img decoding=\"async\" class=\"wp-image-1891\" src=\"https:\/\/asoteknopark.com.tr\/wp-content\/uploads\/2024\/07\/neden33.png\" alt=\"\" \/><\/figure>\r\n<\/div>\r\n\r\n\r\n\r\n<p>ASO 1. Organize Sanayi B\u00f6lgesi, kendi i\u00e7erisinde teknopark faaliyetlerini ve teknoparkta yer alan firmalar\u0131 s\u00fcrekli besleyebilecek bir ekosistem de bar\u0131nd\u0131rmaktad\u0131r. B\u00fcy\u00fck \u00e7o\u011funlu\u011fu ihracata y\u00f6nelik \u00fcretim yapan toplam 300\u2019den fazla firma, Ankara\u2019n\u0131n mesleki e\u011fitimde en modern ve ba\u015far\u0131l\u0131 okullar\u0131ndan birisi olan ASO Teknik Koleji, ASO S\u00fcrekli E\u011fitim Merkezi (ASO SEM) ve uygulamal\u0131 dijital d\u00f6n\u00fc\u015f\u00fcm e\u011fitimlerinin verilmesini sa\u011flayan ASO Yetkinlik ve Dijital D\u00f6n\u00fc\u015f\u00fcm Merkezi- Model Fabrika ile ASO TEKNOPARK imalat sekt\u00f6r\u00fcn\u00fcn ekosistemi i\u00e7erisinde bulunmaktad\u0131r. B\u00f6ylece, ASO TEKNOPARK firmalar\u0131n\u0131n; bilimsel katk\u0131dan mesleki e\u011fitime, teknik donan\u0131mdan sanayi ile s\u0131k\u0131 i\u015fbirli\u011fine t\u00fcm Ar-Ge \u00e7al\u0131\u015fmalar\u0131n\u0131n t\u00fcm a\u015famalar\u0131na tek bir \u00e7at\u0131 alt\u0131nda sahip olma imkan\u0131 sa\u011flanmaktad\u0131r.<\/p>\r\n\r\n\r\n\r\n<div class=\"wp-block-image\">\r\n<figure class=\"aligncenter size-large\"><img decoding=\"async\" class=\"wp-image-1892\" src=\"https:\/\/asoteknopark.com.tr\/wp-content\/uploads\/2024\/07\/neden44.png\" alt=\"\" \/><\/figure>\r\n<\/div>\r\n\r\n\r\n\r\n<p>Ar-Ge faaliyetlerinin ticarile\u015fmeden \u00f6nceki en \u00f6nemli unsurlar\u0131ndan biri olan prototip ve \u00f6n imalat i\u00e7in gereken ortak kullan\u0131m at\u00f6lyeleri ve prototipleme donan\u0131mlar\u0131 bu eko sistem i\u00e7erisinde ASO TEKNOPARK firmalar\u0131n\u0131n yararlanmas\u0131na sunulmaktad\u0131r. Bu at\u00f6lyelerde yer alan tak\u0131m, tezgah ve cihazlar ile ara\u015ft\u0131rma faaliyetleri s\u00fcrd\u00fcr\u00fclen \u00fcr\u00fcnlerin prototipleri kolay, h\u0131zl\u0131 ve ucuz bir \u015fekilde \u00fcretilerek \u00fcr\u00fcnlerin ticarile\u015fmeleri konusunda Ar-Ge \u00e7al\u0131\u015fmalar\u0131 ve sanayi firmalar\u0131 aras\u0131nda \u00f6nemli bir k\u00f6pr\u00fc kurulmu\u015ftur.<\/p>\r\n\r\n\r\n\r\n<div class=\"wp-block-image\">\r\n<figure class=\"aligncenter size-large\"><img decoding=\"async\" class=\"wp-image-1893\" src=\"https:\/\/asoteknopark.com.tr\/wp-content\/uploads\/2024\/07\/neden55.png\" alt=\"\" \/><\/figure>\r\n<\/div>\r\n\r\n\r\n\r\n<p>ASO Teknik Koleji ve ASO SEM\u2019in sanayi i\u00e7erisinden gelen yetkin e\u011fitmenleri ile ASO TEKNOPARK firmalar\u0131n\u0131n ihtiya\u00e7 duyaca\u011f\u0131 mesleki ve teknik e\u011fitimler ayn\u0131 \u00e7at\u0131 alt\u0131nda y\u00fcksek kalite ve belgelendirme ile birlikte sa\u011flanmaktad\u0131r.<\/p>\r\n\r\n\r\n\r\n<div class=\"wp-block-image\">\r\n<figure class=\"aligncenter size-large\"><img decoding=\"async\" class=\"wp-image-1894\" src=\"https:\/\/asoteknopark.com.tr\/wp-content\/uploads\/2024\/07\/neden66.png\" alt=\"\" \/><\/figure>\r\n<\/div>\r\n\r\n\r\n\r\n<p>Dijital D\u00f6n\u00fc\u015f\u00fcm\u00fcn s\u00fcre\u00e7 ve y\u00f6ntemlerini g\u00f6zlemlemek, sanayimizin bu do\u011frultuda d\u00f6n\u00fc\u015f\u00fcm\u00fcne bilgi ve y\u00f6ntem olarak girdi olu\u015fturmak \u00fczere kurulan ASO Yetkinlik ve Dijital D\u00f6n\u00fc\u015f\u00fcm Merkezi-Model Fabrikada, ASO TEKNOPARK firmalar\u0131n\u0131n ve \u00e7al\u0131\u015fanlar\u0131n\u0131n dijital d\u00f6n\u00fc\u015f\u00fcm konusunda g\u00f6zlemde bulunmak ve gereken e\u011fitimleri alarak teknolojik geli\u015fmelere uygun \u00fcr\u00fcn ve y\u00f6ntem tasarlamalar\u0131na imkan sa\u011flanabilmektedir.<\/p>\r\n\r\n\r\n\r\n<div class=\"wp-block-image\">\r\n<figure class=\"aligncenter size-large\"><img decoding=\"async\" class=\"wp-image-1895\" src=\"https:\/\/asoteknopark.com.tr\/wp-content\/uploads\/2024\/07\/neden77.png\" alt=\"\" \/><\/figure>\r\n<\/div>\r\n\r\n\r\n\r\n<p>Teknoparklar\u0131n en \u00f6nemli gereksinimlerinden birisi de nitelikli ara\u015ft\u0131rmac\u0131 ve akademik kadro ile birlikte Ar-Ge faaliyetlerini s\u00fcrd\u00fcrebilmektir. Bilimsel ara\u015ft\u0131rmalar\u0131n Ar-Ge faaliyetlerine katk\u0131 sa\u011flamas\u0131, bu ara\u015ft\u0131rmalar\u0131n \u00fcr\u00fcne d\u00f6n\u00fc\u015ferek ticarile\u015ftirebilmesi teknoparklar\u0131n \u00f6nde gelen ba\u015far\u0131 g\u00f6stergelerindendir. ASO TEKNOPARK\u2019\u0131n payda\u015flar\u0131ndan olan, ODT\u00dc ba\u015fta olmak \u00fczere T\u00fcrkiye\u2019nin \u00f6nde gelen \u00fcniversitelerinin akademik birikimi ve kadrosu, ASO TEKNOPARK firmalar\u0131n\u0131n ihtiya\u00e7 duyaca\u011f\u0131 bilimsel ara\u015ft\u0131rma ve ara\u015ft\u0131rmac\u0131 havuzuna kolayl\u0131kla ula\u015fmalar\u0131na imkan sa\u011flamaktad\u0131r.<\/p>\r\n\r\n\r\n\r\n<div class=\"wp-block-image\">\r\n<figure class=\"aligncenter size-large\"><img decoding=\"async\" class=\"wp-image-1896\" src=\"https:\/\/asoteknopark.com.tr\/wp-content\/uploads\/2024\/07\/neden88.png\" alt=\"\" \/><\/figure>\r\n<\/div>\r\n\r\n\r\n\r\n<p>Teknoparklarda yer alan firmalar, Ar-Ge mevzuat\u0131n\u0131n uygulanmas\u0131, te\u015fvik ve muafiyetlerden yararlan\u0131lmas\u0131 konular\u0131nda ASO TEKNOPARK\u2019\u0131n bilgi birikimi ve deneyiminden faydalanabileceklerdir.<\/p>\r\n\r\n\r\n\r\n<p>Ayr\u0131ca, giri\u015fimcilik ve inovasyon konular\u0131ndaki e\u011fitim ve dan\u0131\u015fmanl\u0131k hizmetleri ile ASO TEKNOPARK\u2019da yer alan firmalar\u0131n kurulu\u015f a\u015famas\u0131ndan kurumsalla\u015fmaya kadar pek \u00e7ok konuda Ankara Sanayi Odas\u0131\u2019 n\u0131n kurumsal uzmanl\u0131k deste\u011fine eri\u015fme imkan\u0131 da bulunmaktad\u0131r.<\/p>\r\n\r\n\r\n\r\n<p>&nbsp;<\/p>\r\n","protected":false},"excerpt":{"rendered":"<p>Teknolojik geli\u015fmelere paralel olarak yeni fikir ve \u00fcr\u00fcnlerin ye\u015fermesi i\u00e7in gerekli bilimsel ve end\u00fcstriyel ortam\u0131 birlikte sa\u011flamay\u0131 hedefleyen teknoparklar t\u00fcm d\u00fcnyada oldu\u011fu gibi \u00fclkemizde de ekonomiye \u00f6nemli katk\u0131 ve katma &#8230;<\/p>\n","protected":false},"author":1,"featured_media":1707,"parent":0,"menu_order":0,"comment_status":"closed","ping_status":"closed","template":"","meta":{"footnotes":""},"_links":{"self":[{"href":"https:\/\/asoteknopark.com.tr\/index.php?rest_route=\/wp\/v2\/pages\/1706"}],"collection":[{"href":"https:\/\/asoteknopark.com.tr\/index.php?rest_route=\/wp\/v2\/pages"}],"about":[{"href":"https:\/\/asoteknopark.com.tr\/index.php?rest_route=\/wp\/v2\/types\/page"}],"author":[{"embeddable":true,"href":"https:\/\/asoteknopark.com.tr\/index.php?rest_route=\/wp\/v2\/users\/1"}],"replies":[{"embeddable":true,"href":"https:\/\/asoteknopark.com.tr\/index.php?rest_route=%2Fwp%2Fv2%2Fcomments&post=1706"}],"version-history":[{"count":16,"href":"https:\/\/asoteknopark.com.tr\/index.php?rest_route=\/wp\/v2\/pages\/1706\/revisions"}],"predecessor-version":[{"id":2108,"href":"https:\/\/asoteknopark.com.tr\/index.php?rest_route=\/wp\/v2\/pages\/1706\/revisions\/2108"}],"wp:featuredmedia":[{"embeddable":true,"href":"https:\/\/asoteknopark.com.tr\/index.php?rest_route=\/wp\/v2\/media\/1707"}],"wp:attachment":[{"href":"https:\/\/asoteknopark.com.tr\/index.php?rest_route=%2Fwp%2Fv2%2Fmedia&parent=1706"}],"curies":[{"name":"wp","href":"https:\/\/api.w.org\/{rel}","templated":true}]}}